f 396?
True
Is 182496 a multiple of 3?
True
Does 28 divide 1282176?
True
Is 19974864 a multiple of 714?
True
Does 699 divide 947844?
True
Is 13 a factor of 427807?
False
Is 323152 a multiple of 76?
True
Is 758 a factor of 75042?
True
Does 199 divide 8746541?
False
Is 1223 a factor of 6119092?
False
Does 8 divide 2025032?
True
Is 179714 a multiple of 30?
False
Is 642770 a multiple of 38?
True
Does 8 divide 5937130?
False
Does 20 divide 1624760?
True
Is 18660120 a multiple of 40?
True
Does 4 divide 4094498?
False
Is 149 a factor of 3450?
False
Does 280 divide 92960?
True
Is 539037 a multiple of 101?
True
Is 69960 a multiple of 11?
True
Does 4 divide 74208?
True
Is 170608 a multiple of 16?
True
Does 24 divide 4608863?
False
Is 7722 a multiple of 18?
True
Is 147870 a multiple of 15?
True
Does 16 divide 3896016?
True
Does 29 divide 3270431?
False
Is 51 a factor of 1064064?
True
Is 1797705 a multiple of 45?
True
Does 4 divide 48744?
True
Does 7 divide 58201?
False
Does 404 divide 1755784?
True
Is 34 a factor of 8399292?
True
Does 19 divide 3821622?
True
Is 124 a factor of 59892?
True
Does 84 divide 20306560?
False
Is 269961 a multiple of 87?
True
Does 30 divide 33258462?
False
Is 7908 a multiple of 3?
True
Does 68 divide 356935?
False
Does 36 divide 368712?
True
Is 72 a factor of 498235?
False
Is 155508 a multiple of 44?
False
Does 65 divide 18070?
True
Does 30 divide 907470?
True
Is 7950876 a multiple of 237?
True
Is 147 a factor of 71244?
False
Is 45876 a multiple of 22?
False
Is 596 a factor of 144858?
False
Is 26508 a multiple of 282?
True
Does 26 divide 26799?
False
Does 29 divide 82215?
True
Is 14 a factor of 16554552?
True
Does 339 divide 19554800?
False
Is 19 a factor of 4135147?
False
Does 660 divide 3111900?
True
Is 9 a factor of 4070979?
True
Does 8 divide 1969043?
False
Is 2289619 a multiple of 29?
False
Is 315 a factor of 2560377?
False
Is 25 a factor of 798254?
False
Is 241 a factor of 432595?
True
Is 14 a factor of 929362?
True
Does 43 divide 62092?
True
Does 23 divide 7135576?
False
Is 79 a factor of 398792?
True
Is 31 a factor of 6169?
True
Is 869955 a multiple of 236?
False
Is 403960 a multiple of 40?
True
Is 518560 a multiple of 70?
True
Does 27 divide 194463?
False
Is 11 a factor of 273985?
False
Is 212 a factor of 54795?
False
Does 22 divide 7732054?
True
Does 46 divide 46868?
False
Is 615 a multiple of 15?
True
Is 163010 even?
True
Does 378 divide 36639382?
False
Is 72114 a multiple of 51?
True
Does 95 divide 129865?
True
Is 471200 a multiple of 380?
True
Is 60 a factor of 671389?
False
Is 421 a factor of 1532019?
True
Is 11 a factor of 85085?
True
Is 148 a factor of 620673?
False
Is 20 a factor of 155920?
True
Does 707 divide 5799361?
False
Does 6 divide 201006?
True
Is 10800540 a multiple of 1695?
True
Is 99879 a multiple of 43?
False
Is 494946 a multiple of 18?
True
Does 12 divide 733995?
False
Does 82 divide 130381?
False
Is 421 a factor of 58940?
True
Does 395 divide 741810?
True
Is 9 a factor of 35712?
True
Is 474774 a multiple of 11?
False
Is 404 a factor of 223756?
False
Is 482 a factor of 4253168?
True
Is 26 a factor of 117530?
False
Is 2477318 a multiple of 483?
False
Is 89296 a multiple of 8?
True
Is 9 a factor of 30579?
False
Is 222 a factor of 90354?
True
Does 63 divide 9217576?
False
Does 33 divide 889562?
False
Does 233 divide 594849?
True
Is 18860 a multiple of 55?
False
Is 364 a factor of 1497496?
True
Does 19 divide 145692?
True
Is 559548 a multiple of 36?
True
Does 9 divide 1846854?
True
Does 42 divide 11728736?
False
Does 447 divide 298596?
True
Is 5 a factor of 567825?
True
Is 213 a factor of 1736163?
True
Is 3 a factor of 705540?
True
Does 268 divide 1031073?
False
Does 813 divide 764220?
True
Is 6 a factor of 538499?
False
Is 37 a factor of 20757?
True
Is 21 a factor of 433232?
False
Is 214403 a multiple of 13?
False
Does 14 divide 163206?
False
Does 16 divide 1082529?
False
Is 360943 a multiple of 10?
False
Does 20 divide 309768?
False
Does 7 divide 234646?
False
Is 12 a factor of 39754?
False
Is 10 a factor of 33450?
True
Is 126809 a multiple of 173?
True
Is 28148 a multiple of 59?
False
Is 149998 a multiple of 24?
False
Does 12 divide 91488?
True
Does 83 divide 555590?
False
Is 45270 a multiple of 18?
True
Does 12 divide 6750952?
False
Does 15 divide 1939875?
True
Is 87 a factor of 17574?
True
Does 12 divide 298764?
True
Is 524 a factor of 714896?
False
Is 5663889 a multiple of 21?
True
Is 204082 a multiple of 224?
False
Is 436933 a multiple of 10?
False
Is 5 a factor of 6890?
True
Is 168142 a multiple of 127?
False
Does 77 divide 456533?
True
Does 14 divide 2548560?
True
Does 15 divide 12049284?
False
Does 12 divide 3957660?
True
Does 13 divide 158007?
False
Is 15 a factor of 5736150?
True
Is 631656 a multiple of 279?
True
Does 120 divide 663662?
False
Is 118 a factor of 461262?
True
Is 58 a factor of 3830528?
False
Is 263336 a multiple of 5?
False
Does 38 divide 143602?
True
Is 162 a factor of 671840?
False
Is 125286 a multiple of 4?
False
Does 1083 divide 16474596?
True
Is 40740 a multiple of 49?
False
Is 11145759 a multiple of 15?
False
Is 44815 a multiple of 25?
False
Is 9 a factor of 8487711?
True
Is 160 a factor of 4323680?
True
Is 193140 a multiple of 36?
True
Is 106 a factor of 34768?
True
Is 28 a factor of 853832?
True
Does 146 divide 266012?
True
Does 12 divide 1684776?
True
Is 90 a factor of 134820?
True
Does 175 divide 22750?
True
Does 281 divide 13538?
False
Is 15 a factor of 946740?
True
Is 76885 a multiple of 3?
False
Is 8943811 a multiple of 711?
False
Is 10214508 a multiple of 1255?
False
Is 12391 even?
False
Is 13 a factor of 1729728?
True
Does 37 divide 38223?
False
Is 61 a factor of 130484?
False
Is 122550 a multiple of 33?
False
Is 34 a factor of 119889?
False
Is 518 a factor of 718984?
True
Does 55 divide 1392545?
True
Does 5 divide 454610?
True
Is 411 a factor of 433670?
False
Is 51810 a multiple of 15?
True
Does 144 divide 14688?
True
Is 7 a factor of 948821?
False
Is 1506510 a multiple of 38?
True
Is 995131 a multiple of 683?
True
Does 15 divide 7650?
True
Is 296 a factor of 140304?
True
Is 1107744 a multiple of 44?
True
Is 65 a factor of 158967?
False
Is 633 a factor of 4184130?
True
Is 751688 a multiple of 23?
False
Is 62982 a multiple of 29?
False
Is 79496 a multiple of 15?
False
Is 2810816 a multiple of 808?
False
Is 109112 a multiple of 23?
True
Is 15 a factor of 89385?
True
Is 104 a factor of 78104?
True
Is 2405138 a multiple of 56?
False
Is 13 a factor of 4978?
False
Is 142 a factor of 704604?
True
Is 53418 a multiple of 76?
False
Is 11243634 a multiple of 18?
False
Is 97971 a multiple of 11?
False
Does 1533 divide 5448282?
True
Is 669533 a multiple of 30?
False
Is 17635100 a multiple of 305?
True
Does 461 divide 66384?
True
Is 18 a factor of 2128110?
False
Is 98 a factor of 176095?
False
Is 632 a factor of 973280?
True
Is 11 a factor of 265808?
False
Is 667 a factor of 3943971?
True
Is 3 a factor of 8807?
False
Is 16 a factor of 50041?
False
Is 20507 a multiple of 6?
False
Does 185 divide 4006669?
False
Does 444 divide 1491396?
True
Is 158 a factor of 130272?
False
Is 238304 a multiple of 88?
True
Does 11 divide 43284?
False
Is 203 a factor of 1611959?
False
Is 645591 a multiple of 582?
False
Is 300 a factor of 1366500?
True
Does 33 divide 236893?
False
Does 4 divide 30977?
False
Is 26 a factor of 87526?
False
Is 27 a factor of 135472?
False
Is 4255615 a multiple of 47?
True
Is 6 a factor of 22737?
False
Is 3521153 a multiple of 13?
False
Is 163254 a multiple of 161?
True
Is 14439214 a multiple of 226?
False
Does 45 divide 638460?
True
Is 238 a factor of 244902?
True
Is 530111 a multiple of 22?
False
Does 15 divide 70979?
False
Is 5635971 a multiple of 68?
False
Is 695892 a multiple of 74?
False
Does 583 divide 5999779?
False
Is 67 a factor of 3583294?
True
Does 405 divide 298467?
False
Is 26 a factor of 326011?
False
Is 337025 a multiple of 25?
True
Is 175499 a multiple of 19?
False
Is 100 a factor of 595800?
True
Is 875 a factor of 1242458?
False
Does 142 divide 153928?
True
Does 419 divide 14614301?
True
Is 13 a factor of 16076?
False
Does 62 divide 31744?
True
Is 13350 a multiple of 10?
True
Is 658564 a multiple of 62?
True
Does 21 divide 35343?
True
Is 408134